{"id":1138,"date":"2021-01-11T10:25:19","date_gmt":"2021-01-11T09:25:19","guid":{"rendered":"https:\/\/amayoga.ch\/?post_type=product&#038;p=1138"},"modified":"2021-01-11T13:48:48","modified_gmt":"2021-01-11T12:48:48","slug":"yogakissen-halbmond-shanti","status":"publish","type":"product","link":"https:\/\/amayoga.ch\/index.php\/produkt\/yogakissen-halbmond-shanti\/","title":{"rendered":"Yogakissen Halbmond Shanti"},"content":{"rendered":"<p>Ergonomisches Yoga-Halbmondkissen, der beliebter Begleiter f\u00fcr die Yogastunde, ideal f\u00fcr das Sitzen mit \u00fcbergekreuzten Beinen.<\/p>\n<table width=\"444\">\n<tbody>\n<tr>\n<td>Form:<\/td>\n<td>Halbmondkissen<\/td>\n<\/tr>\n<tr>\n<td>Sitzh\u00f6he:<\/td>\n<td>Standard (H: 12cm)<\/td>\n<\/tr>\n<tr>\n<td>F\u00fcllung:<\/td>\n<td>Dinkelspelzen (kbA)<\/td>\n<\/tr>\n<tr>\n<td>\u00d6kostandard:<\/td>\n<td>GOTS zertifiziert<\/td>\n<\/tr>\n<tr>\n<td>\u00d6ffnung:<\/td>\n<td>Bezug: Rei\u00dfverschluss; Innenkissen: Rei\u00dfverschluss<\/td>\n<\/tr>\n<tr>\n<td>Pflegehinweise:<\/td>\n<td>Bezug waschbar bei 30 Grad<\/td>\n<\/tr>\n<tr>\n<td>Abmessungen:<\/td>\n<td>40 cm Breite x 15 cm H\u00f6he<\/td>\n<\/tr>\n<tr>\n<td>Gewicht:<\/td>\n<td>1 kg<\/td>\n<\/tr>\n<tr>\n<td>Material Au\u00dfenbezug:<\/td>\n<td>100% Baumwolle (kbA)<\/td>\n<\/tr>\n<tr>\n<td>Material Innenkissen:<\/td>\n<td>100% Baumwolle (kbA)<\/td>\n<\/tr>\n<\/tbody>\n<\/table>\n<p><strong>Das ergonomische Yogakissen f\u00fcr den Lotussitz<\/strong><br \/>\nDie Kr\u00fcmmung der Sitzfl\u00e4che richtet die Wirbels\u00e4ule auf und bettet die H\u00fcften f\u00fcr einen besonders bequemen Sitz sanft ein. Ideal ist das Kissen vor allem f\u00fcr die Sitzpositionen mit \u00fcberkreuzten Beinen also im halben Lotus \/ Lotussitz oder im burmesischen Sitz, da dank der gekr\u00fcmmten Form des Kissens besonders viel Raum f\u00fcr die Beine bleibt. Durch die etwas niedrigere Sitzh\u00f6he (ca. 12 cm) ist das Kissen gut geeignet f\u00fcr Meditierende, die schon etwas flexibler in den H\u00fcftgelenken sind.<\/p>\n<p><strong>Ergonomisches Design, \u00f6kologische Materialien und Verarbeitung<\/strong><br \/>\nAus robustem Bio-Stoff im klassischen Design mit eingen\u00e4hter Lotus-Bestickung. Erh\u00e4ltlich in vielen inspirierenden Farben. Gefertigt nach hohen sozialen und \u00f6kologischen Standards (GOTS zertifiziert). Speziell hitzebehandelte und besonders leichte Bio-Dinkelspelzen (kbA) aus Deutschland passen sich ideal an jede Sitzposition an und unterst\u00fctzen eine stabile und komfortable K\u00f6rperhaltung.<\/p>\n<h5>GOTS Bio zertifiziert<\/h5>\n<p>Der \u201eGlobal Organic Textile Standard\u201c garantiert faire und \u00f6kologische Herstellung in der gesamten Produktionskette.<\/p>\n","protected":false},"excerpt":{"rendered":"<p>Ergonomisches Yoga-Halbmondkissen, der beliebter Begleiter f\u00fcr die Yogastunde, ideal f\u00fcr [&hellip;]<\/p>\n","protected":false},"featured_media":1091,"template":"","meta":{"_bbp_topic_count":0,"_bbp_reply_count":0,"_bbp_total_topic_count":0,"_bbp_total_reply_count":0,"_bbp_voice_count":0,"_bbp_anonymous_reply_count":0,"_bbp_topic_count_hidden":0,"_bbp_reply_count_hidden":0,"_bbp_forum_subforum_count":0,"content-type":""},"product_brand":[],"product_cat":[32],"product_tag":[],"class_list":{"0":"post-1138","1":"product","2":"type-product","3":"status-publish","4":"has-post-thumbnail","6":"product_cat-yoga-artikel","8":"first","9":"instock","10":"taxable","11":"shipping-taxable","12":"purchasable","13":"product-type-variable"},"yoast_head":"<!-- This site is optimized with the Yoast SEO plugin v26.8 - https:\/\/yoast.com\/product\/yoast-seo-wordpress\/ -->\n<title>Yogakissen Halbmond Shanti - AmaYoga<\/title>\n<meta name=\"robots\" content=\"index, follow, max-snippet:-1, max-image-preview:large, max-video-preview:-1\" \/>\n<link rel=\"canonical\" href=\"https:\/\/amayoga.ch\/index.php\/produkt\/yogakissen-halbmond-shanti\/\" \/>\n<meta property=\"og:locale\" content=\"de_DE\" \/>\n<meta property=\"og:type\" content=\"article\" \/>\n<meta property=\"og:title\" content=\"Yogakissen Halbmond Shanti - AmaYoga\" \/>\n<meta property=\"og:description\" content=\"Ergonomisches Yoga-Halbmondkissen, der beliebter Begleiter f\u00fcr die Yogastunde, ideal f\u00fcr [&hellip;]\" \/>\n<meta property=\"og:url\" content=\"https:\/\/amayoga.ch\/index.php\/produkt\/yogakissen-halbmond-shanti\/\" \/>\n<meta property=\"og:site_name\" content=\"AmaYoga\" \/>\n<meta property=\"article:modified_time\" content=\"2021-01-11T12:48:48+00:00\" \/>\n<meta property=\"og:image\" content=\"https:\/\/amayoga.ch\/wp-content\/uploads\/2021\/01\/HMC-SO-sun-front-1200px.jpg\" \/>\n\t<meta property=\"og:image:width\" content=\"1200\" \/>\n\t<meta property=\"og:image:height\" content=\"1200\" \/>\n\t<meta property=\"og:image:type\" content=\"image\/jpeg\" \/>\n<meta name=\"twitter:card\" content=\"summary_large_image\" \/>\n<meta name=\"twitter:label1\" content=\"Gesch\u00e4tzte Lesezeit\" \/>\n\t<meta name=\"twitter:data1\" content=\"1\u00a0Minute\" \/>\n<script type=\"application\/ld+json\" class=\"yoast-schema-graph\">{\"@context\":\"https:\/\/schema.org\",\"@graph\":[{\"@type\":\"WebPage\",\"@id\":\"https:\/\/amayoga.ch\/index.php\/produkt\/yogakissen-halbmond-shanti\/\",\"url\":\"https:\/\/amayoga.ch\/index.php\/produkt\/yogakissen-halbmond-shanti\/\",\"name\":\"Yogakissen Halbmond Shanti - AmaYoga\",\"isPartOf\":{\"@id\":\"https:\/\/amayoga.ch\/#website\"},\"primaryImageOfPage\":{\"@id\":\"https:\/\/amayoga.ch\/index.php\/produkt\/yogakissen-halbmond-shanti\/#primaryimage\"},\"image\":{\"@id\":\"https:\/\/amayoga.ch\/index.php\/produkt\/yogakissen-halbmond-shanti\/#primaryimage\"},\"thumbnailUrl\":\"https:\/\/amayoga.ch\/wp-content\/uploads\/2021\/01\/HMC-SO-sun-front-1200px.jpg\",\"datePublished\":\"2021-01-11T09:25:19+00:00\",\"dateModified\":\"2021-01-11T12:48:48+00:00\",\"breadcrumb\":{\"@id\":\"https:\/\/amayoga.ch\/index.php\/produkt\/yogakissen-halbmond-shanti\/#breadcrumb\"},\"inLanguage\":\"de-CH\",\"potentialAction\":[{\"@type\":\"ReadAction\",\"target\":[\"https:\/\/amayoga.ch\/index.php\/produkt\/yogakissen-halbmond-shanti\/\"]}]},{\"@type\":\"ImageObject\",\"inLanguage\":\"de-CH\",\"@id\":\"https:\/\/amayoga.ch\/index.php\/produkt\/yogakissen-halbmond-shanti\/#primaryimage\",\"url\":\"https:\/\/amayoga.ch\/wp-content\/uploads\/2021\/01\/HMC-SO-sun-front-1200px.jpg\",\"contentUrl\":\"https:\/\/amayoga.ch\/wp-content\/uploads\/2021\/01\/HMC-SO-sun-front-1200px.jpg\",\"width\":1200,\"height\":1200},{\"@type\":\"BreadcrumbList\",\"@id\":\"https:\/\/amayoga.ch\/index.php\/produkt\/yogakissen-halbmond-shanti\/#breadcrumb\",\"itemListElement\":[{\"@type\":\"ListItem\",\"position\":1,\"name\":\"Home\",\"item\":\"https:\/\/amayoga.ch\/\"},{\"@type\":\"ListItem\",\"position\":2,\"name\":\"Shop\",\"item\":\"https:\/\/amayoga.ch\/index.php\/shop\/\"},{\"@type\":\"ListItem\",\"position\":3,\"name\":\"Yogakissen Halbmond Shanti\"}]},{\"@type\":\"WebSite\",\"@id\":\"https:\/\/amayoga.ch\/#website\",\"url\":\"https:\/\/amayoga.ch\/\",\"name\":\"AmaYoga\",\"description\":\"Oase\",\"potentialAction\":[{\"@type\":\"SearchAction\",\"target\":{\"@type\":\"EntryPoint\",\"urlTemplate\":\"https:\/\/amayoga.ch\/?s={search_term_string}\"},\"query-input\":{\"@type\":\"PropertyValueSpecification\",\"valueRequired\":true,\"valueName\":\"search_term_string\"}}],\"inLanguage\":\"de-CH\"}]}<\/script>\n<!-- \/ Yoast SEO plugin. -->","yoast_head_json":{"title":"Yogakissen Halbmond Shanti - AmaYoga","robots":{"index":"index","follow":"follow","max-snippet":"max-snippet:-1","max-image-preview":"max-image-preview:large","max-video-preview":"max-video-preview:-1"},"canonical":"https:\/\/amayoga.ch\/index.php\/produkt\/yogakissen-halbmond-shanti\/","og_locale":"de_DE","og_type":"article","og_title":"Yogakissen Halbmond Shanti - AmaYoga","og_description":"Ergonomisches Yoga-Halbmondkissen, der beliebter Begleiter f\u00fcr die Yogastunde, ideal f\u00fcr [&hellip;]","og_url":"https:\/\/amayoga.ch\/index.php\/produkt\/yogakissen-halbmond-shanti\/","og_site_name":"AmaYoga","article_modified_time":"2021-01-11T12:48:48+00:00","og_image":[{"width":1200,"height":1200,"url":"https:\/\/amayoga.ch\/wp-content\/uploads\/2021\/01\/HMC-SO-sun-front-1200px.jpg","type":"image\/jpeg"}],"twitter_card":"summary_large_image","twitter_misc":{"Gesch\u00e4tzte Lesezeit":"1\u00a0Minute"},"schema":{"@context":"https:\/\/schema.org","@graph":[{"@type":"WebPage","@id":"https:\/\/amayoga.ch\/index.php\/produkt\/yogakissen-halbmond-shanti\/","url":"https:\/\/amayoga.ch\/index.php\/produkt\/yogakissen-halbmond-shanti\/","name":"Yogakissen Halbmond Shanti - AmaYoga","isPartOf":{"@id":"https:\/\/amayoga.ch\/#website"},"primaryImageOfPage":{"@id":"https:\/\/amayoga.ch\/index.php\/produkt\/yogakissen-halbmond-shanti\/#primaryimage"},"image":{"@id":"https:\/\/amayoga.ch\/index.php\/produkt\/yogakissen-halbmond-shanti\/#primaryimage"},"thumbnailUrl":"https:\/\/amayoga.ch\/wp-content\/uploads\/2021\/01\/HMC-SO-sun-front-1200px.jpg","datePublished":"2021-01-11T09:25:19+00:00","dateModified":"2021-01-11T12:48:48+00:00","breadcrumb":{"@id":"https:\/\/amayoga.ch\/index.php\/produkt\/yogakissen-halbmond-shanti\/#breadcrumb"},"inLanguage":"de-CH","potentialAction":[{"@type":"ReadAction","target":["https:\/\/amayoga.ch\/index.php\/produkt\/yogakissen-halbmond-shanti\/"]}]},{"@type":"ImageObject","inLanguage":"de-CH","@id":"https:\/\/amayoga.ch\/index.php\/produkt\/yogakissen-halbmond-shanti\/#primaryimage","url":"https:\/\/amayoga.ch\/wp-content\/uploads\/2021\/01\/HMC-SO-sun-front-1200px.jpg","contentUrl":"https:\/\/amayoga.ch\/wp-content\/uploads\/2021\/01\/HMC-SO-sun-front-1200px.jpg","width":1200,"height":1200},{"@type":"BreadcrumbList","@id":"https:\/\/amayoga.ch\/index.php\/produkt\/yogakissen-halbmond-shanti\/#breadcrumb","itemListElement":[{"@type":"ListItem","position":1,"name":"Home","item":"https:\/\/amayoga.ch\/"},{"@type":"ListItem","position":2,"name":"Shop","item":"https:\/\/amayoga.ch\/index.php\/shop\/"},{"@type":"ListItem","position":3,"name":"Yogakissen Halbmond Shanti"}]},{"@type":"WebSite","@id":"https:\/\/amayoga.ch\/#website","url":"https:\/\/amayoga.ch\/","name":"AmaYoga","description":"Oase","potentialAction":[{"@type":"SearchAction","target":{"@type":"EntryPoint","urlTemplate":"https:\/\/amayoga.ch\/?s={search_term_string}"},"query-input":{"@type":"PropertyValueSpecification","valueRequired":true,"valueName":"search_term_string"}}],"inLanguage":"de-CH"}]}},"_links":{"self":[{"href":"https:\/\/amayoga.ch\/index.php\/wp-json\/wp\/v2\/product\/1138","targetHints":{"allow":["GET"]}}],"collection":[{"href":"https:\/\/amayoga.ch\/index.php\/wp-json\/wp\/v2\/product"}],"about":[{"href":"https:\/\/amayoga.ch\/index.php\/wp-json\/wp\/v2\/types\/product"}],"wp:featuredmedia":[{"embeddable":true,"href":"https:\/\/amayoga.ch\/index.php\/wp-json\/wp\/v2\/media\/1091"}],"wp:attachment":[{"href":"https:\/\/amayoga.ch\/index.php\/wp-json\/wp\/v2\/media?parent=1138"}],"wp:term":[{"taxonomy":"product_brand","embeddable":true,"href":"https:\/\/amayoga.ch\/index.php\/wp-json\/wp\/v2\/product_brand?post=1138"},{"taxonomy":"product_cat","embeddable":true,"href":"https:\/\/amayoga.ch\/index.php\/wp-json\/wp\/v2\/product_cat?post=1138"},{"taxonomy":"product_tag","embeddable":true,"href":"https:\/\/amayoga.ch\/index.php\/wp-json\/wp\/v2\/product_tag?post=1138"}],"curies":[{"name":"wp","href":"https:\/\/api.w.org\/{rel}","templated":true}]}}