{"id":1126,"date":"2021-01-11T10:19:48","date_gmt":"2021-01-11T09:19:48","guid":{"rendered":"https:\/\/amayoga.ch\/?post_type=product&#038;p=1126"},"modified":"2021-01-11T10:24:51","modified_gmt":"2021-01-11T09:24:51","slug":"yogamatte-pure","status":"publish","type":"product","link":"https:\/\/amayoga.ch\/index.php\/produkt\/yogamatte-pure\/","title":{"rendered":"Yogamatte PURE"},"content":{"rendered":"<p>Neue verbesserte Qualit\u00e4t! Extrem rutschfeste Yogamatte aus Naturkautschuk mit innovativer PU Oberfl\u00e4che.<\/p>\n<p>&nbsp;<\/p>\n<table width=\"444\">\n<tbody>\n<tr>\n<td>Material:<\/td>\n<td>PU \/ Naturkautschuk<\/td>\n<\/tr>\n<tr>\n<td>Abmessung:<\/td>\n<td>183 x 66 cm<\/td>\n<\/tr>\n<tr>\n<td>Dicke:<\/td>\n<td>0,4 cm<\/td>\n<\/tr>\n<tr>\n<td>Gewicht:<\/td>\n<td>2,6 kg<\/td>\n<\/tr>\n<\/tbody>\n<\/table>\n<p><strong>Pflege und Haltbarkeit<\/strong><br \/>\nSonneneinstrahlung vermeiden. R\u00fcckst\u00e4nde von Gesichtscremen, K\u00f6rperlotions oder andere \u00f6lhaltige Substanzen auf der Oberfl\u00e4che erzeugen Flecken und reduzieren die Rutschfestigkeit. Reinigung mit feuchtem Tuch oder einem Apfelessig-Wasser-Gemisch (1:1). Keine Sp\u00fclmittel, Duschgels etc. verwenden. Die Matte nicht in Wasser tr\u00e4nken. Der nat\u00fcrliche Eigengeruch des Naturkautschuks l\u00e4sst mit der Zeit nach.<\/p>\n<p>&nbsp;<\/p>\n","protected":false},"excerpt":{"rendered":"<p>Neue verbesserte Qualit\u00e4t! Extrem rutschfeste Yogamatte aus Naturkautschuk mit innovativer [&hellip;]<\/p>\n","protected":false},"featured_media":1109,"template":"","meta":{"_bbp_topic_count":0,"_bbp_reply_count":0,"_bbp_total_topic_count":0,"_bbp_total_reply_count":0,"_bbp_voice_count":0,"_bbp_anonymous_reply_count":0,"_bbp_topic_count_hidden":0,"_bbp_reply_count_hidden":0,"_bbp_forum_subforum_count":0,"content-type":""},"product_brand":[],"product_cat":[32],"product_tag":[],"class_list":{"0":"post-1126","1":"product","2":"type-product","3":"status-publish","4":"has-post-thumbnail","6":"product_cat-yoga-artikel","8":"first","9":"instock","10":"taxable","11":"shipping-taxable","12":"purchasable","13":"product-type-variable"},"yoast_head":"<!-- This site is optimized with the Yoast SEO plugin v26.8 - https:\/\/yoast.com\/product\/yoast-seo-wordpress\/ -->\n<title>Yogamatte PURE - AmaYoga<\/title>\n<meta name=\"robots\" content=\"index, follow, max-snippet:-1, max-image-preview:large, max-video-preview:-1\" \/>\n<link rel=\"canonical\" href=\"https:\/\/amayoga.ch\/index.php\/produkt\/yogamatte-pure\/\" \/>\n<meta property=\"og:locale\" content=\"de_DE\" \/>\n<meta property=\"og:type\" content=\"article\" \/>\n<meta property=\"og:title\" content=\"Yogamatte PURE - AmaYoga\" \/>\n<meta property=\"og:description\" content=\"Neue verbesserte Qualit\u00e4t! Extrem rutschfeste Yogamatte aus Naturkautschuk mit innovativer [&hellip;]\" \/>\n<meta property=\"og:url\" content=\"https:\/\/amayoga.ch\/index.php\/produkt\/yogamatte-pure\/\" \/>\n<meta property=\"og:site_name\" content=\"AmaYoga\" \/>\n<meta property=\"article:modified_time\" content=\"2021-01-11T09:24:51+00:00\" \/>\n<meta property=\"og:image\" content=\"https:\/\/amayoga.ch\/wp-content\/uploads\/2021\/01\/PURE-AU-top-yogamatte-lotuscrafts-shop_1024x1024.jpg\" \/>\n\t<meta property=\"og:image:width\" content=\"1024\" \/>\n\t<meta property=\"og:image:height\" content=\"1024\" \/>\n\t<meta property=\"og:image:type\" content=\"image\/jpeg\" \/>\n<meta name=\"twitter:card\" content=\"summary_large_image\" \/>\n<script type=\"application\/ld+json\" class=\"yoast-schema-graph\">{\"@context\":\"https:\/\/schema.org\",\"@graph\":[{\"@type\":\"WebPage\",\"@id\":\"https:\/\/amayoga.ch\/index.php\/produkt\/yogamatte-pure\/\",\"url\":\"https:\/\/amayoga.ch\/index.php\/produkt\/yogamatte-pure\/\",\"name\":\"Yogamatte PURE - AmaYoga\",\"isPartOf\":{\"@id\":\"https:\/\/amayoga.ch\/#website\"},\"primaryImageOfPage\":{\"@id\":\"https:\/\/amayoga.ch\/index.php\/produkt\/yogamatte-pure\/#primaryimage\"},\"image\":{\"@id\":\"https:\/\/amayoga.ch\/index.php\/produkt\/yogamatte-pure\/#primaryimage\"},\"thumbnailUrl\":\"https:\/\/amayoga.ch\/wp-content\/uploads\/2021\/01\/PURE-AU-top-yogamatte-lotuscrafts-shop_1024x1024.jpg\",\"datePublished\":\"2021-01-11T09:19:48+00:00\",\"dateModified\":\"2021-01-11T09:24:51+00:00\",\"breadcrumb\":{\"@id\":\"https:\/\/amayoga.ch\/index.php\/produkt\/yogamatte-pure\/#breadcrumb\"},\"inLanguage\":\"de-CH\",\"potentialAction\":[{\"@type\":\"ReadAction\",\"target\":[\"https:\/\/amayoga.ch\/index.php\/produkt\/yogamatte-pure\/\"]}]},{\"@type\":\"ImageObject\",\"inLanguage\":\"de-CH\",\"@id\":\"https:\/\/amayoga.ch\/index.php\/produkt\/yogamatte-pure\/#primaryimage\",\"url\":\"https:\/\/amayoga.ch\/wp-content\/uploads\/2021\/01\/PURE-AU-top-yogamatte-lotuscrafts-shop_1024x1024.jpg\",\"contentUrl\":\"https:\/\/amayoga.ch\/wp-content\/uploads\/2021\/01\/PURE-AU-top-yogamatte-lotuscrafts-shop_1024x1024.jpg\",\"width\":1024,\"height\":1024},{\"@type\":\"BreadcrumbList\",\"@id\":\"https:\/\/amayoga.ch\/index.php\/produkt\/yogamatte-pure\/#breadcrumb\",\"itemListElement\":[{\"@type\":\"ListItem\",\"position\":1,\"name\":\"Home\",\"item\":\"https:\/\/amayoga.ch\/\"},{\"@type\":\"ListItem\",\"position\":2,\"name\":\"Shop\",\"item\":\"https:\/\/amayoga.ch\/index.php\/shop\/\"},{\"@type\":\"ListItem\",\"position\":3,\"name\":\"Yogamatte PURE\"}]},{\"@type\":\"WebSite\",\"@id\":\"https:\/\/amayoga.ch\/#website\",\"url\":\"https:\/\/amayoga.ch\/\",\"name\":\"AmaYoga\",\"description\":\"Oase\",\"potentialAction\":[{\"@type\":\"SearchAction\",\"target\":{\"@type\":\"EntryPoint\",\"urlTemplate\":\"https:\/\/amayoga.ch\/?s={search_term_string}\"},\"query-input\":{\"@type\":\"PropertyValueSpecification\",\"valueRequired\":true,\"valueName\":\"search_term_string\"}}],\"inLanguage\":\"de-CH\"}]}<\/script>\n<!-- \/ Yoast SEO plugin. -->","yoast_head_json":{"title":"Yogamatte PURE - AmaYoga","robots":{"index":"index","follow":"follow","max-snippet":"max-snippet:-1","max-image-preview":"max-image-preview:large","max-video-preview":"max-video-preview:-1"},"canonical":"https:\/\/amayoga.ch\/index.php\/produkt\/yogamatte-pure\/","og_locale":"de_DE","og_type":"article","og_title":"Yogamatte PURE - AmaYoga","og_description":"Neue verbesserte Qualit\u00e4t! Extrem rutschfeste Yogamatte aus Naturkautschuk mit innovativer [&hellip;]","og_url":"https:\/\/amayoga.ch\/index.php\/produkt\/yogamatte-pure\/","og_site_name":"AmaYoga","article_modified_time":"2021-01-11T09:24:51+00:00","og_image":[{"width":1024,"height":1024,"url":"https:\/\/amayoga.ch\/wp-content\/uploads\/2021\/01\/PURE-AU-top-yogamatte-lotuscrafts-shop_1024x1024.jpg","type":"image\/jpeg"}],"twitter_card":"summary_large_image","schema":{"@context":"https:\/\/schema.org","@graph":[{"@type":"WebPage","@id":"https:\/\/amayoga.ch\/index.php\/produkt\/yogamatte-pure\/","url":"https:\/\/amayoga.ch\/index.php\/produkt\/yogamatte-pure\/","name":"Yogamatte PURE - AmaYoga","isPartOf":{"@id":"https:\/\/amayoga.ch\/#website"},"primaryImageOfPage":{"@id":"https:\/\/amayoga.ch\/index.php\/produkt\/yogamatte-pure\/#primaryimage"},"image":{"@id":"https:\/\/amayoga.ch\/index.php\/produkt\/yogamatte-pure\/#primaryimage"},"thumbnailUrl":"https:\/\/amayoga.ch\/wp-content\/uploads\/2021\/01\/PURE-AU-top-yogamatte-lotuscrafts-shop_1024x1024.jpg","datePublished":"2021-01-11T09:19:48+00:00","dateModified":"2021-01-11T09:24:51+00:00","breadcrumb":{"@id":"https:\/\/amayoga.ch\/index.php\/produkt\/yogamatte-pure\/#breadcrumb"},"inLanguage":"de-CH","potentialAction":[{"@type":"ReadAction","target":["https:\/\/amayoga.ch\/index.php\/produkt\/yogamatte-pure\/"]}]},{"@type":"ImageObject","inLanguage":"de-CH","@id":"https:\/\/amayoga.ch\/index.php\/produkt\/yogamatte-pure\/#primaryimage","url":"https:\/\/amayoga.ch\/wp-content\/uploads\/2021\/01\/PURE-AU-top-yogamatte-lotuscrafts-shop_1024x1024.jpg","contentUrl":"https:\/\/amayoga.ch\/wp-content\/uploads\/2021\/01\/PURE-AU-top-yogamatte-lotuscrafts-shop_1024x1024.jpg","width":1024,"height":1024},{"@type":"BreadcrumbList","@id":"https:\/\/amayoga.ch\/index.php\/produkt\/yogamatte-pure\/#breadcrumb","itemListElement":[{"@type":"ListItem","position":1,"name":"Home","item":"https:\/\/amayoga.ch\/"},{"@type":"ListItem","position":2,"name":"Shop","item":"https:\/\/amayoga.ch\/index.php\/shop\/"},{"@type":"ListItem","position":3,"name":"Yogamatte PURE"}]},{"@type":"WebSite","@id":"https:\/\/amayoga.ch\/#website","url":"https:\/\/amayoga.ch\/","name":"AmaYoga","description":"Oase","potentialAction":[{"@type":"SearchAction","target":{"@type":"EntryPoint","urlTemplate":"https:\/\/amayoga.ch\/?s={search_term_string}"},"query-input":{"@type":"PropertyValueSpecification","valueRequired":true,"valueName":"search_term_string"}}],"inLanguage":"de-CH"}]}},"_links":{"self":[{"href":"https:\/\/amayoga.ch\/index.php\/wp-json\/wp\/v2\/product\/1126","targetHints":{"allow":["GET"]}}],"collection":[{"href":"https:\/\/amayoga.ch\/index.php\/wp-json\/wp\/v2\/product"}],"about":[{"href":"https:\/\/amayoga.ch\/index.php\/wp-json\/wp\/v2\/types\/product"}],"wp:featuredmedia":[{"embeddable":true,"href":"https:\/\/amayoga.ch\/index.php\/wp-json\/wp\/v2\/media\/1109"}],"wp:attachment":[{"href":"https:\/\/amayoga.ch\/index.php\/wp-json\/wp\/v2\/media?parent=1126"}],"wp:term":[{"taxonomy":"product_brand","embeddable":true,"href":"https:\/\/amayoga.ch\/index.php\/wp-json\/wp\/v2\/product_brand?post=1126"},{"taxonomy":"product_cat","embeddable":true,"href":"https:\/\/amayoga.ch\/index.php\/wp-json\/wp\/v2\/product_cat?post=1126"},{"taxonomy":"product_tag","embeddable":true,"href":"https:\/\/amayoga.ch\/index.php\/wp-json\/wp\/v2\/product_tag?post=1126"}],"curies":[{"name":"wp","href":"https:\/\/api.w.org\/{rel}","templated":true}]}}